+ 9*j - 4*j = t, -2*q - 3*j + d = 0. Is q prime?
False
Suppose 4*m + 8728 = 4*u, -4*m - 3*u - 4369 = -2*m. Let z(c) = 570*c - 8. Let j be z(6). Let n = m + j. Is n a prime number?
True
Let i(n) = -9*n**2 - 81*n + 13. Let d be i(-9). Suppose 0 = j - d*j + 160836. Is j a prime number?
False
Let p(n) = 307*n**2 - 2*n + 2. Let u(i) = -i. Let k(l) = -7*l + 10. Let c(y) = -k(y) + 6*u(y). Let a be c(11). Is p(a) composite?
False
Suppose -2*f - 4*q = -78, 5*f - 2*q = -q + 140. Suppose w - 71 = f. Is 4*5/w - 3969/(-5) a prime number?
False
Is (28/42)/(1474568/737283 + (-6 - -4)) prime?
False
Suppose -4*f = -j - 23352, 7*j + 8639 + 14689 = 4*f. Is f prime?
True
Suppose 11*t + 8*t = -t + 6573980. Is t a prime number?
False
Suppose r + 3 + 0 = 3*s, 0 = -4*r. Let x be (-2385)/(-27) + (s - 4/3). Suppose x*p - 83*p = 1055. Is p prime?
True
Suppose -5*k - 5 = 0, x - k - 14343 - 7215 = 0. Is x a prime number?
True
Is -6*(-11)/(-132)*18 + 90608 composite?
False
Suppose -3*u + 423693 = x, -16*u - 706195 = -21*u + 5*x. Is u a composite number?
False
Let p = 60 + -60. Suppose p = -2*r + 2, 356 + 338 = -3*a - 5*r. Let c = 720 - a. Is c a composite number?
False
Suppose -5*m - 4*r = -260, -5*m - r + 275 = -0*r. Suppose 4*i = -2*f + m, f + 12 = 2*i - 2*f. Suppose b - 3372 = -3*t + 2*b, 4*b = -i. Is t composite?
False
Let c(r) = -3671*r + 1046. Is c(-21) composite?
False
Let i = 131253 - 21368. Is i composite?
True
Let p = -490424 - -890143. Is p a prime number?
True
Suppose -3*u + 10*k = -162177, 0 = u - k - 48461 - 5612. Is u a prime number?
False
Let x(c) = -46*c**3 + 27*c + 102*c**3 - 8*c**2 + 13*c + 7 - 52*c**3. Is x(12) a prime number?
True
Let u be 10/(-20) - (79725/6)/(-5). Suppose -m + 1 = 2*c - 8, 2*c - m - 7 = 0. Suppose 35 = 4*l - c*a - u, 0 = 3*l + a - 2019. Is l prime?
True
Let z be 26 - (13 + (4 - 12)). Suppose -z*a + 18654 = -15*a. Is a a composite number?
False
Let x(u) = -7*u**3 - 9*u**2 - 29*u + 11. Let a(g) = 6*g**3 + 8*g**2 + 27*g - 8. Let o(p) = -6*a(p) - 5*x(p). Let k be ((-3)/(-2))/3*-20. Is o(k) a prime number?
True
Suppose 2*q + 4*m - 87 - 99 = 0, 0 = 5*q + 5*m - 460. Suppose -b = o - 36, -5*b + 2*o = -q - 75. Is b prime?
False
Suppose -4*m - 3*h + 1 = 0, -7*m + 4*h = -5*m - 28. Suppose 5*z = 4 + 21, i + m*z - 561 = 0. Is i prime?
True
Let y = -59 - -31. Let v = 32 + y. Suppose -v*q + 9177 = x, -2*x - 5 = -3*x. Is q prime?
True
Let o be (-2)/(3/((-42)/4)). Suppose -11*t - 6392 = -o*t. Is t/(-4 - (2 - 4)) a composite number?
True
Let u(v) be the second derivative of -355*v**3/2 + 79*v**2/2 + 78*v. Is u(-10) a composite number?
False
Let p(b) = -89*b + 27 - 18 - 96. Is p(-4) a composite number?
False
Suppose 1409008 = 1161*d - 1145*d. Is d a composite number?
True
Let j be -8 + -2 + (2 - -1). Let m be 140314/18 - j/(315/(-10)). Is 3/((-3)/m*-5) composite?
False
Let y(x) = 276*x - 32*x + 23 - 45*x. Is y(6) composite?
False
Let p(m) = -6 + 0*m**2 + 5*m**2 - m**3 + 9*m**2 - 24*m. Let y(v) = 4*v**2 - 8*v - 21. Let n be y(-2). Is p(n) composite?
True
Let n = -13 - -18. Let l(o) = 9*o**3 + 8*o**2 - 6*o + 24. Let a(r) = 10*r**3 + 10*r**2 - 7*r + 28. Let y(x) = -5*a(x) + 6*l(x). Is y(n) prime?
True
Is 49639*(-1 - -2)*-5*(-2)/2 a prime number?
False
Suppose 0*g - w + 433 = g, -5*w = 20. Suppose -c = 4*x - 355, 0 = -5*x - 0*x + c + g. Suppose -2*i + 10*i = x. Is i a composite number?
False
Let c(y) = y**2 + 20*y. Let a be c(-20). Suppose a = -5*q + 15362 - 1867. Is q a prime number?
True
Suppose 12*o + 5*r = 11*o + 777259, 5*r = 30. Is o a prime number?
False
Let q be 82/(-14) + 246/287. Is 2*((-6375)/(-2) - q) a prime number?
False
Let n(v) = v**2 + 6*v + 10. Let z be n(-6). Suppose z - 14 = -2*b. Suppose 0 = a + 5*h - 704, a + 0*h - b*h = 711. Is a prime?
True
Let z = 19 + -13. Let w(l) = 1 + 5*l**2 - 6 + 23*l**2 - 8 + z*l. Is w(3) composite?
False
Let i(p) = -5*p**2 - 14*p - 65. Let c(x) = -4*x**2 - 15*x - 64. Let z(u) = -4*c(u) + 3*i(u). Let l be z(-15). Suppose l*h - 11*h = 4435. Is h prime?
True
Suppose 4423145 = 2*c - 3*k, -2*c - 2*k + 6635875 - 2212775 = 0. Is c composite?
True
Let f be ((-691)/(-3))/(4/12). Suppose f - 2715 = -4*v. Let u = v - 283. Is u a composite number?
False
Let s = 234 - 246. Is 3 + 183/(s/(-4)) + 3 composite?
False
Suppose 42*y - 11864094 = -765048. Is y composite?
False
Let t = -29 - 48. Let j = 93 + t. Suppose -5*n - 14234 = -j*n. Is n composite?
True
Let m be 9/1 - (-3)/(-3). Let w(n) = -11*n - 34. Let h be w(m). Let t = h + 307. Is t prime?
False
Suppose 20*q - 32*q - 147570 = -18*q. Is q composite?
True
Let m(g) = 6*g - 82. Let u be m(14). Is u/(-2)*(-5)/(20/8212) prime?
True
Let x be ((-27)/(-3))/(-3)*-1. Let j(h) = 82*h + 2. Let u be j(x). Let o = -37 + u. Is o a composite number?
False
Is 21 - (-2343492)/117 - (1 - (-15)/(-13)) composite?
False
Let t(j) = 3*j**3 - 12*j**2 + 2*j - 6. Let g(y) = -y**2 - 1. Let k(x) = -g(x) + t(x). Let m be k(12). Let w = -2558 + m. Is w composite?
False
Let s = -40 - -40. Suppose 32*z - 28*z - 2112 = s. Suppose -z = -3*f + 738. Is f a prime number?
False
Let u = 6 + -63. Let z = u - -43. Is (1816/16)/((-1)/z) a composite number?
True
Let p be (-1 - -1530)*12 - (1 + -3). Suppose 10 = 5*v, -4*f - v + p = 2*v. Is f prime?
False
Suppose 6*j - 1976420 = -14*j. Is j prime?
False
Let s be ((-3)/30*16)/(2/(-85)). Let y = 362 + s. Suppose 5*o + 4*l - y = 0, 7*l - 271 = -3*o + 2*l. Is o a composite number?
True
Let d(x) = -347*x - 7 + 204*x - 57*x - 333*x. Let a be d(-5). Suppose -u = -6*u, 2*u + a = 2*z. Is z prime?
False
Let l = -324564 - -456191. Is l a composite number?
False
Is (-1 - 450551/51)*3/(-2) a prime number?
False
Let f(x) = 1855*x**2 + 256*x - 3473. Is f(14) a composite number?
False
Let t = 103 + -105. Is 5/t*(-7916)/10 a prime number?
True
Is ((-5587)/302)/(2/(-508)) prime?
False
Let x = 1108 + 197. Let i = -244 + x. Is i a composite number?
False
Let f be -5*6/60*-24746. Suppose 5*n + 3332 + 6579 = 4*j, -n = -5*j + f. Is j a composite number?
True
Let i(l) = -5896*l**3 - l**2 - l + 1. Suppose -252 = 4*r - 248. Is i(r) a prime number?
True
Suppose -4*y + 86508 = 3*a - y, 3*a - y - 86528 = 0. Is a a prime number?
False
Let x = -131123 + 278976. Is x a composite number?
False
Is (15 + 1210/(-80))*-2041384 a composite number?
False
Let i(v) = 535*v**3 + 7*v**2 - 5*v - 11. Suppose 2*j - 2*c - 12 = 0, -43*j + 40*j + 4*c + 20 = 0. Is i(j) composite?
True
Suppose 11*w = -21*w - 20*w + 3246724. Is w a prime number?
False
Suppose -3*w = -31 + 19. Suppose 266 = -3*g + w*g. Suppose d = g - 9. Is d composite?
False
Let t be (((-1)/4)/(1/76))/(-1). Suppose -t*l = -29*l + 145210. Is l a composite number?
True
Suppose -99114 = 2*w - 3*z - 515492, -4*z - 624567 = -3*w. Is w a prime number?
True
Let d = 11 + -6. Let b = 2884 - 1602. Suppose r + 11816 = 2*k - b, 0 = 5*k + d*r - 32715. Is k prime?
True
Suppose 0 = -46*f + 47*f - 10. Let n(j) = 15*j**2 - 16*j + 21. Is n(f) prime?
True
Suppose 9*c - 84 = 15*c. Let j(w) be the third derivative of -w**4/24 - 5*w**3/6 + w**2. Is j(c) composite?
True
Suppose 21*g - 6*g - 8161047 = -12*g. Is g a prime number?
True
Suppose 4*x = -3*k - 7937 - 14853, -2*k - 17093 = 3*x. Let r = -1116 - x. Is r a composite number?
False
Let t(v) = v**3 + 14*v**2 + v + 16. Suppose -33 = 3*a + 9. Let j be t(a). Is 0 - 1/((-4)/1192*j) prime?
True
Suppose -35*m + 13664551 = 44*m. Is m a composite number?
False
Let l(d) = 264*d**2 - 94*d - 189. Is l(49) composite?
True
Let n be 3/(-4) - 1442/(-56). Suppose 5*s = 4*o + 23, 5*o + n = 4*s + s. Suppose s*v - 2*h - 805 = 0, 2*v + 5*h - 96 - 466 = 0. Is v prime?
True
Suppose 0 = 18*q + 8*q - 962. Suppose 0 = q*z - 634626 + 22387. Is z prime?
True
Suppose 3*m - 15877 = 4*y, 26*y - 23*y = -4*m + 21211. Let l = 9584 - m. Is l a composite number?
True
Suppose -3*b = 4*t - 10862272, 119*b + 4 = 120*b. Is t composite?
True
Suppose 5*y - 57787 = -2*z, -2*y - 11 = -5. Is z a prime number?
True
Let m(p) = p**3 + 49*p**2 - 9*p + 44. Is m(-21) composite?
True
Suppose 6*a = -3*a + 18. Let o be (18/15)/a - 166/10. Is 4/o - 4465/(-20) prime?
True
Let q(x) = 12269*x + 2551. Is q(78) composite?
False
Let j(x) = x - 43. Suppose -3*s - 3 = -0*s, 4*z = s + 53. Let k be j(z). Let n = 139 + k. Is n prime?
True
Is (-1187229516)/(-1452) - (-12)/(-66)